76522?
0
What is the hundred thousands digit of 689265779?
2
What is the ten millions digit of 2223913231?
2
What is the thousands digit of 88663508?
3
What is the ten thousands digit of 2651688?
5
What is the tens digit of 5355349?
4
What is the ten thousands digit of 20189340?
8
What is the thousands digit of 367970889?
0
What is the hundred thousands digit of 2002152899?
1
What is the ten thousands digit of 50079615?
7
What is the hundred millions digit of 482826948?
4
What is the thousands digit of 113958481?
8
What is the ten millions digit of 283548941?
8
What is the hundred thousands digit of 95579909?
5
What is the hundred thousands digit of 4433385882?
3
What is the millions digit of 275949709?
5
What is the tens digit of 264073231?
3
What is the thousands digit of 727230838?
0
What is the hundred thousands digit of 285187347?
1
What is the ten millions digit of 183798894?
8
What is the units digit of 4257454?
4
What is the hundred thousands digit of 226327111?
3
What is the hundred millions digit of 3238425288?
2
What is the hundred millions digit of 309514253?
3
What is the hundred millions digit of 1064499722?
0
What is the hundred millions digit of 1906283664?
9
What is the thousands digit of 561738571?
8
What is the ten millions digit of 661713181?
6
What is the hundreds digit of 1678690786?
7
What is the hundreds digit of 124918125?
1
What is the millions digit of 56069500?
6
What is the millions digit of 105087650?
5
What is the hundreds digit of 459052005?
0
What is the tens digit of 1227447471?
7
What is the tens digit of 725370603?
0
What is the hundred millions digit of 1491600721?
4
What is the millions digit of 449008888?
9
What is the millions digit of 1743653436?
3
What is the hundred thousands digit of 1269812585?
8
What is the units digit of 1347049135?
5
What is the tens digit of 3046477?
7
What is the thousands digit of 1599011218?
1
What is the tens digit of 82099544?
4
What is the units digit of 222392310?
0
What is the tens digit of 2370906042?
4
What is the ten millions digit of 98172759?
9
What is the ten thousands digit of 42888548?
8
What is the hundreds digit of 300674621?
6
What is the hundred thousands digit of 398264565?
2
What is the units digit of 43913539?
9
What is the hundreds digit of 4788989728?
7
What is the millions digit of 340455651?
0
What is the thousands digit of 2117690798?
0
What is the hundreds digit of 2705428641?
6
What is the thousands digit of 2542993983?
3
What is the ten thousands digit of 1646909147?
0
What is the millions digit of 61993479?
1
What is the tens digit of 124279004?
0
What is the hundreds digit of 44702251?
2
What is the thousands digit of 84568161?
8
What is the millions digit of 3789074?
3
What is the hundred thousands digit of 239051702?
0
What is the thousands digit of 11682450?
2
What is the units digit of 667858447?
7
What is the thousands digit of 37867215?
7
What is the ten millions digit of 49832216?
4
What is the hundred thousands digit of 31990621?
9
What is the units digit of 8450485592?
2
What is the units digit of 220323931?
1
What is the ten thousands digit of 144196165?
9
What is the thousands digit of 53636796?
6
What is the hundreds digit of 31817052?
0
What is the tens digit of 393826044?
4
What is the hundred thousands digit of 102078231?
0
What is the hundreds digit of 125672145?
1
What is the ten thousands digit of 10804447?
0
What is the ten thousands digit of 119537956?
3
What is the units digit of 2529563992?
2
What is the hundred millions digit of 863588779?
8
What is the hundred thousands digit of 227725165?
7
What is the ten thousands digit of 497454245?
5
What is the ten thousands digit of 62057795?
5
What is the millions digit of 83681678?
3
What is the ten thousands digit of 960371407?
7
What is the units digit of 73573951?
1
What is the ten millions digit of 17925250?
1
What is the millions digit of 54352809?
4
What is the hundreds digit of 48765184?
1
What is the units digit of 371560994?
4
What is the hundred thousands digit of 2016582899?
5
What is the hundred millions digit of 3669412203?
6
What is the ten thousands digit of 44822?
4
What is the ten thousands digit of 10468995?
6
What is the ten thousands digit of 81515666?
1
What is the tens digit of 398358343?
4
What is the millions digit of 514957087?
4
What is the tens digit of 47801144?
4
What is the ten thousands digit of 331893968?
9
What is the hundreds digit of 60423091?
0
What is the hundreds digit of 2404133584?
5
What is the ten thousands digit of 24619260?
1
What is the billions digit of 1228726010?
1
What is the ten millions digit of 412561482?
1
What is the hundreds digit of 86251173?
1
What is the thousands digit of 41735761?
5
What is the ten thousands digit of 829414587?
1
What is the ten thousands digit of 363983854?
8
What is the ten thousands digit of 510655389?
5
What is the ten thousands digit of 2122226872?
2
What is the hundred thousands digit of 117962491?
9
What is the units digit of 603010178?
8
What is the hundreds digit of 6404208149?
1
What is the ten thousands digit of 2218277934?
7
What is the ten millions digit of 7125293011?
2
What is the tens digit of 60890522?
2
What is the hundred millions digit of 625751064?
6
What is the thousands digit of 843756815?
6
What is the millions digit of 14191926?
4
What is the thousands digit of 42383125?
3
What is the hundred thousands digit of 36812378?
8
What is the ten millions digit of 609226603?
0
What is the hundred thousands digit of 2717605143?
6
What is the ten thousands digit of 1244836753?
3
What is the hundreds digit of 144168576?
5
What is the ten thousands digit of 84599427?
9
What is the thousands digit of 239120658?
0
What is the hundreds digit of 324029150?
1
What is the ten millions digit of 204752890?
0
What is the hundreds digit of 2013665670?
6
What is the hundred thousands digit of 45582813?
5
What is the hundreds digit of 605962369?
3
What is the millions digit of 95990098?
5
What is the thousands digit of 1475450573?
0
What is the millions digit of 1064585610?
4
What is the hundreds digit of 77290600?
6
What is the millions digit of 1374607431?
4
What is the ten thousands digit of 822004588?
0
What is the units digit of 137550552?
2
What is the hundred thousands digit of 81544940?
5
What is the tens digit of 618806031?
3
What is the thousands digit of 928301045?
1
What is the hundred millions digit of 6700049908?
7
What is the hundreds digit of 1118659367?
3
What is the units digit of 8309350?
0
What is the millions digit of 95678277?
5
What is the hundred millions digit of 410903805?
4
What is the ten thousands digit of 625215212?
1
What is the hundreds digit of 14832443?
4
What is the billions digit of 4044431558?
4
What is the hundreds digit of 33753344?
3
What is the tens digit of 1349262736?
3
What is the ten millions digit of 440569040?
4
What is the thousands digit of 163124324?
4
What is the hundreds digit of 1003215386?
3
What is the hundreds digit of 346369994?
9
What is the hundreds digit of 38007771?
7
What is the hundreds digit of 461707181?
1
What is the hundred millions digit of 979594195?
9
What is the hundred thousands digit of 50751131?
7
What is the ten millions digit of 1178693841?
7
What is the tens digit of 186773911?
1
What is the thousands digit of 149114496?
4
What is the thousands digit of 15522950?
2
What is the hundreds digit of 942444461?
4
What is the ten millions digit of 1177577062?
7
What is the millions digit of 8574574?
8
What is the thousands digit of 34977344?
7
What is the units digit of 2747882795?
5
What is the units digit of 73834537?
7
What is the ten millions digit of 222266163?
2
What is the ten millions digit of 1516081682?
1
What is the thousands digit of 82525547?
5
What is the ten millions digit of 1664983231?
6
What is the hundred thousands digit of 16439054?
4
What is the ten thousands digit of 3006875271?
7
What is the billions digit of 3330908981?
3
What is the thousands digit of 4552953121?
3
What is the ten millions digit of 70324097?
7
What is the hundred thousands digit of 1240884931?
8
What is the units digit of 87608550?
0
What is the ten millions digit of 263705646?
6
What is the ten thousands digit of 337098193?
9
What is the 